{"id":13390,"date":"2025-02-25T09:30:40","date_gmt":"2025-02-25T08:30:40","guid":{"rendered":"https:\/\/www.immensiva.com\/?page_id=13390"},"modified":"2026-01-30T14:31:24","modified_gmt":"2026-01-30T13:31:24","slug":"festival-immensiva-2025","status":"publish","type":"page","link":"https:\/\/www.immensiva.com\/es\/festival-immensiva-2025\/","title":{"rendered":"FESTIVAL IMMENSIVA 2025"},"content":{"rendered":"<div class=\"wpb-content-wrapper\"><p>[vc_row][vc_column]<style>.ld_spacer_69f0d9fa69ef0{height:170px;}<\/style>\n<div class=\"ld-empty-space ld_spacer_69f0d9fa69ef0\"><span class=\"liquid_empty_space_inner\"><\/span><\/div><style>.ld_fancy_heading_69f0d9fa69ffc .lqd-highlight-inner{height:0.275em;bottom:0px;}<\/style><div class=\"ld-fancy-heading text-center ld_fancy_heading_69f0d9fa69ffc\">\n\t<h1 class=\"lqd-highlight-underline lqd-highlight-grow-left\" ><span class=\"ld-fh-txt\"> <\/p>\n<h2><b>SINOPSIS IMMENSIVA 2025<\/b><\/h2>\n<p><\/span><\/h1><\/div><style>.ld_spacer_69f0d9fa6f524{height:5px;}<\/style>\n<div class=\"ld-empty-space ld_spacer_69f0d9fa6f524\"><span class=\"liquid_empty_space_inner\"><\/span><\/div>[vc_single_image image=\u00bb13391&#8243; img_size=\u00bbmedium\u00bb alignment=\u00bbcenter\u00bb css=\u00bb\u00bb][vc_column_text css=\u00bb\u00bb]<\/p>\n<h3><\/h3>\n<p><span style=\"font-weight: 400;\"><strong>IMMENSIVA 2025 \u2013 BLOCS SOCIALS XR<\/strong> celebra su quinta edici\u00f3n en Catalu\u00f1a y, tras experiencias previas centradas en la experimentaci\u00f3n multidisciplinar, refuerza ahora la uni\u00f3n entre inteligencia artificial, realidad extendida, e interacci\u00f3n\/danza colaborativa con un marcado \u00e9nfasis en la construcci\u00f3n social. Bajo esta renovada visi\u00f3n, el festival se orienta a la creaci\u00f3n de prototipos XR que aborden inclusi\u00f3n, diversidad y sostenibilidad, afirmando su compromiso con el impacto social y la innovaci\u00f3n cultural.<br \/>\n<\/span><\/p>\n<p><span style=\"font-weight: 400;\">M\u00e1s que un festival, IMMENSIVA 2025 es un laboratorio vivo donde artistas, desarrolladores y agentes sociales colaboran en la creaci\u00f3n de \u201cBloques\u201d narrativos: piezas inmersivas usando tecnolog\u00eda XR listas para recorrer museos, centros educativos y escenarios internacionales. A trav\u00e9s de danza colectiva, m\u00fasica y entornos generados por IA, cada prototipo se convierte en un puente entre creatividad y transformaci\u00f3n social.<br \/>\n<\/span><\/p>\n<p><span style=\"font-weight: 400;\">En el n\u00facleo del festival, la residencia art\u00edstica impulsa la colaboraci\u00f3n interdisciplinaria, integrando IA, storytelling inmersivo y software creativo para generar proyectos con impacto colectivo. Gracias al AI\/XR Toolkit, los participantes desarrollan experiencias que fomentan la empat\u00eda como motor de cambio.<br \/>\n<\/span><\/p>\n<p><span style=\"font-weight: 400;\">Con un enfoque en la modularidad y el escalamiento, BLOCS SOCIALS XR facilita la adaptaci\u00f3n de sus producciones a distintos contextos, fortaleciendo la cultura digital catalana y profesionalizando proyectos XR de impacto social. En esta l\u00ednea, se invita a instituciones locales e internacionales a adoptar estos Bloques, expandiendo el alcance de IMMENSIVA 2025 m\u00e1s all\u00e1 de sus fronteras.<br \/>\n<\/span>[\/vc_column_text]<style>.ld_spacer_69f0d9fa6f604{height:50px;}<\/style>\n<div class=\"ld-empty-space ld_spacer_69f0d9fa6f604\"><span class=\"liquid_empty_space_inner\"><\/span><\/div>[vc_video link=\u00bbhttps:\/\/www.youtube.com\/watch?v=O0cuAUSAmsA\u00bb css=\u00bb\u00bb]<style>.ld_spacer_69f0d9fa6f6b0{height:30px;}<\/style>\n<div class=\"ld-empty-space ld_spacer_69f0d9fa6f6b0\"><span class=\"liquid_empty_space_inner\"><\/span><\/div>[\/vc_column][\/vc_row][vc_row][vc_column][vc_btn title=\u00bbVer Propuesta del Proyecto\u00bb color=\u00bbinverse\u00bb css=\u00bb\u00bb link=\u00bburl:https%3A%2F%2Fwww.immensiva.com%2Fes%2Fpropuesta-del-proyecto-immensiva-2025%2F\u00bb]<style>.ld_spacer_69f0d9fa6f753{height:32px;}<\/style>\n<div class=\"ld-empty-space ld_spacer_69f0d9fa6f753\"><span class=\"liquid_empty_space_inner\"><\/span><\/div>[\/vc_column][\/vc_row][vc_row][vc_column][vc_btn title=\u00bbVer la Propuesta Educativa\u00bb color=\u00bbinverse\u00bb css=\u00bb\u00bb link=\u00bburl:https%3A%2F%2Fwww.immensiva.com%2Fes%2Fprograma-educativo-immensiva-2025%2F\u00bb][\/vc_column][\/vc_row]<\/p>\n<\/div>","protected":false},"excerpt":{"rendered":"<p>[vc_row][vc_column][vc_single_image image=\u00bb13391&#8243; img_size=\u00bbmedium\u00bb alignment=\u00bbcenter\u00bb css=\u00bb\u00bb][vc_column_text css=\u00bb\u00bb] IMMENSIVA 2025 \u2013 BLOCS SOCIALS XR celebra su quinta&#8230;<\/p>\n","protected":false},"author":2,"featured_media":0,"parent":0,"menu_order":0,"comment_status":"closed","ping_status":"closed","template":"","meta":{"footnotes":""},"featured_image_urls":{"full":"","thumbnail":"","medium":"","medium_large":"","large":"","1536x1536":"","2048x2048":"","awb_sm":"","awb_md":"","awb_lg":"","awb_xl":"","liquid-default-blog":"","liquid-standard-blog":"","liquid-featured-blog":"","liquid-rounded-blog":"","liquid-classic-meta-blog":"","liquid-classic-2-blog":"","liquid-grid":"","liquid-split-blog":"","liquid-classic-full-blog":"","liquid-metro-blog":"","liquid-timeline-blog":"","liquid-carousel-blog":"","liquid-square-blog":"","liquid-candy-blog":"","liquid-category-blog":"","liquid-cover-post":"","liquid-default-post":"","liquid-cover-spaced":"","liquid-masonry-shortest":"","liquid-masonry-short":"","liquid-masonry-tall":"","liquid-masonry-taller":"","liquid-medium":"","liquid-large":"","liquid-thumbnail":"","liquid-masonry-header-small":"","liquid-masonry-header-big":"","liquid-thumbnail-post":"","liquid-small-blog":"","liquid-related-post":"","liquid-portfolio":"","liquid-portfolio-sq":"","liquid-portfolio-big-sq":"","liquid-portfolio-portrait":"","liquid-portfolio-wide":"","liquid-packery-wide":"","liquid-packery-portrait":"","liquid-grid-hover-overlay":"","liquid-grid-hover-classic":"","liquid-grid-hover-3d":"","liquid-grid-caption":"","liquid-large-slider":"","liquid-widget":"","liquid-portfolio-vertical-overlay":""},"post_excerpt_stackable":"<p>[vc_row][vc_column] SINOPSIS IMMENSIVA 2025 [vc_single_image image=\u00bb13391&#8243; img_size=\u00bbmedium\u00bb alignment=\u00bbcenter\u00bb css=\u00bb\u00bb][vc_column_text css=\u00bb\u00bb] IMMENSIVA 2025 \u2013 BLOCS SOCIALS XR celebra su quinta edici\u00f3n en Catalu\u00f1a y, tras experiencias previas centradas en la experimentaci\u00f3n multidisciplinar, refuerza ahora la uni\u00f3n entre inteligencia artificial, realidad extendida, e interacci\u00f3n\/danza colaborativa con un marcado \u00e9nfasis en la construcci\u00f3n social. Bajo esta renovada visi\u00f3n, el festival se orienta a la creaci\u00f3n de prototipos XR que aborden inclusi\u00f3n, diversidad y sostenibilidad, afirmando su compromiso con el impacto social y la innovaci\u00f3n cultural. M\u00e1s que un festival, IMMENSIVA 2025 es un laboratorio vivo donde artistas, desarrolladores y agentes sociales colaboran en&hellip;<\/p>\n","category_list":"","author_info":{"name":"vitor","url":"https:\/\/www.immensiva.com\/es\/author\/vitor\/"},"comments_num":"0 comentarios","yoast_head":"<!-- This site is optimized with the Yoast SEO plugin v22.5 - https:\/\/yoast.com\/wordpress\/plugins\/seo\/ -->\n<title>Festival Immensiva 2025<\/title>\n<meta name=\"description\" content=\"Descubre la sexta edici\u00f3n del evento de cultura digital BLOCKS SOCIALS XR, que impulsa la innovaci\u00f3n tecnol\u00f3gica y el impacto social.\" \/>\n<meta name=\"robots\" content=\"index, follow, max-snippet:-1, max-image-preview:large, max-video-preview:-1\" \/>\n<link rel=\"canonical\" href=\"https:\/\/www.immensiva.com\/es\/festival-immensiva-2025\/\" \/>\n<meta property=\"og:locale\" content=\"es_ES\" \/>\n<meta property=\"og:type\" content=\"article\" \/>\n<meta property=\"og:title\" content=\"Festival Immensiva 2025\" \/>\n<meta property=\"og:description\" content=\"Descubre la sexta edici\u00f3n del evento de cultura digital BLOCKS SOCIALS XR, que impulsa la innovaci\u00f3n tecnol\u00f3gica y el impacto social.\" \/>\n<meta property=\"og:url\" content=\"https:\/\/www.immensiva.com\/es\/festival-immensiva-2025\/\" \/>\n<meta property=\"og:site_name\" content=\"IMMENSIVA\" \/>\n<meta property=\"article:modified_time\" content=\"2026-01-30T13:31:24+00:00\" \/>\n<meta name=\"twitter:card\" content=\"summary_large_image\" \/>\n<meta name=\"twitter:label1\" content=\"Tiempo de lectura\" \/>\n\t<meta name=\"twitter:data1\" content=\"2 minutos\" \/>\n<script type=\"application\/ld+json\" class=\"yoast-schema-graph\">{\"@context\":\"https:\/\/schema.org\",\"@graph\":[{\"@type\":\"WebPage\",\"@id\":\"https:\/\/www.immensiva.com\/es\/festival-immensiva-2025\/\",\"url\":\"https:\/\/www.immensiva.com\/es\/festival-immensiva-2025\/\",\"name\":\"Festival Immensiva 2025\",\"isPartOf\":{\"@id\":\"https:\/\/www.immensiva.com\/#website\"},\"datePublished\":\"2025-02-25T08:30:40+00:00\",\"dateModified\":\"2026-01-30T13:31:24+00:00\",\"description\":\"Descubre la sexta edici\u00f3n del evento de cultura digital BLOCKS SOCIALS XR, que impulsa la innovaci\u00f3n tecnol\u00f3gica y el impacto social.\",\"breadcrumb\":{\"@id\":\"https:\/\/www.immensiva.com\/es\/festival-immensiva-2025\/#breadcrumb\"},\"inLanguage\":\"es\",\"potentialAction\":[{\"@type\":\"ReadAction\",\"target\":[\"https:\/\/www.immensiva.com\/es\/festival-immensiva-2025\/\"]}]},{\"@type\":\"BreadcrumbList\",\"@id\":\"https:\/\/www.immensiva.com\/es\/festival-immensiva-2025\/#breadcrumb\",\"itemListElement\":[{\"@type\":\"ListItem\",\"position\":1,\"name\":\"Home\",\"item\":\"https:\/\/www.immensiva.com\/es\/\"},{\"@type\":\"ListItem\",\"position\":2,\"name\":\"FESTIVAL IMMENSIVA 2025\"}]},{\"@type\":\"WebSite\",\"@id\":\"https:\/\/www.immensiva.com\/#website\",\"url\":\"https:\/\/www.immensiva.com\/\",\"name\":\"IMMENSIVA\",\"description\":\"Focusing on VR, AR, XR art &amp; AI art\",\"potentialAction\":[{\"@type\":\"SearchAction\",\"target\":{\"@type\":\"EntryPoint\",\"urlTemplate\":\"https:\/\/www.immensiva.com\/?s={search_term_string}\"},\"query-input\":\"required name=search_term_string\"}],\"inLanguage\":\"es\"}]}<\/script>\n<!-- \/ Yoast SEO plugin. -->","yoast_head_json":{"title":"Festival Immensiva 2025","description":"Descubre la sexta edici\u00f3n del evento de cultura digital BLOCKS SOCIALS XR, que impulsa la innovaci\u00f3n tecnol\u00f3gica y el impacto social.","robots":{"index":"index","follow":"follow","max-snippet":"max-snippet:-1","max-image-preview":"max-image-preview:large","max-video-preview":"max-video-preview:-1"},"canonical":"https:\/\/www.immensiva.com\/es\/festival-immensiva-2025\/","og_locale":"es_ES","og_type":"article","og_title":"Festival Immensiva 2025","og_description":"Descubre la sexta edici\u00f3n del evento de cultura digital BLOCKS SOCIALS XR, que impulsa la innovaci\u00f3n tecnol\u00f3gica y el impacto social.","og_url":"https:\/\/www.immensiva.com\/es\/festival-immensiva-2025\/","og_site_name":"IMMENSIVA","article_modified_time":"2026-01-30T13:31:24+00:00","twitter_card":"summary_large_image","twitter_misc":{"Tiempo de lectura":"2 minutos"},"schema":{"@context":"https:\/\/schema.org","@graph":[{"@type":"WebPage","@id":"https:\/\/www.immensiva.com\/es\/festival-immensiva-2025\/","url":"https:\/\/www.immensiva.com\/es\/festival-immensiva-2025\/","name":"Festival Immensiva 2025","isPartOf":{"@id":"https:\/\/www.immensiva.com\/#website"},"datePublished":"2025-02-25T08:30:40+00:00","dateModified":"2026-01-30T13:31:24+00:00","description":"Descubre la sexta edici\u00f3n del evento de cultura digital BLOCKS SOCIALS XR, que impulsa la innovaci\u00f3n tecnol\u00f3gica y el impacto social.","breadcrumb":{"@id":"https:\/\/www.immensiva.com\/es\/festival-immensiva-2025\/#breadcrumb"},"inLanguage":"es","potentialAction":[{"@type":"ReadAction","target":["https:\/\/www.immensiva.com\/es\/festival-immensiva-2025\/"]}]},{"@type":"BreadcrumbList","@id":"https:\/\/www.immensiva.com\/es\/festival-immensiva-2025\/#breadcrumb","itemListElement":[{"@type":"ListItem","position":1,"name":"Home","item":"https:\/\/www.immensiva.com\/es\/"},{"@type":"ListItem","position":2,"name":"FESTIVAL IMMENSIVA 2025"}]},{"@type":"WebSite","@id":"https:\/\/www.immensiva.com\/#website","url":"https:\/\/www.immensiva.com\/","name":"IMMENSIVA","description":"Focusing on VR, AR, XR art &amp; AI art","potentialAction":[{"@type":"SearchAction","target":{"@type":"EntryPoint","urlTemplate":"https:\/\/www.immensiva.com\/?s={search_term_string}"},"query-input":"required name=search_term_string"}],"inLanguage":"es"}]}},"_links":{"self":[{"href":"https:\/\/www.immensiva.com\/es\/wp-json\/wp\/v2\/pages\/13390"}],"collection":[{"href":"https:\/\/www.immensiva.com\/es\/wp-json\/wp\/v2\/pages"}],"about":[{"href":"https:\/\/www.immensiva.com\/es\/wp-json\/wp\/v2\/types\/page"}],"author":[{"embeddable":true,"href":"https:\/\/www.immensiva.com\/es\/wp-json\/wp\/v2\/users\/2"}],"replies":[{"embeddable":true,"href":"https:\/\/www.immensiva.com\/es\/wp-json\/wp\/v2\/comments?post=13390"}],"version-history":[{"count":10,"href":"https:\/\/www.immensiva.com\/es\/wp-json\/wp\/v2\/pages\/13390\/revisions"}],"predecessor-version":[{"id":13963,"href":"https:\/\/www.immensiva.com\/es\/wp-json\/wp\/v2\/pages\/13390\/revisions\/13963"}],"wp:attachment":[{"href":"https:\/\/www.immensiva.com\/es\/wp-json\/wp\/v2\/media?parent=13390"}],"curies":[{"name":"wp","href":"https:\/\/api.w.org\/{rel}","templated":true}]}}

<div class="wpb-content-wrapper"><p>[vc_row][vc_column]<style>.ld_spacer_69f0d9fa69ef0{height:170px;}</style>
<div class="ld-empty-space ld_spacer_69f0d9fa69ef0"><span class="liquid_empty_space_inner"></span></div><style>.ld_fancy_heading_69f0d9fa69ffc .lqd-highlight-inner{height:0.275em;bottom:0px;}</style><div class="ld-fancy-heading text-center ld_fancy_heading_69f0d9fa69ffc">
	<h1 class="lqd-highlight-underline lqd-highlight-grow-left" ><span class="ld-fh-txt"> </p>
<h2><b>SINOPSIS IMMENSIVA 2025</b></h2>
<p></span></h1></div><style>.ld_spacer_69f0d9fa6f524{height:5px;}</style>
<div class="ld-empty-space ld_spacer_69f0d9fa6f524"><span class="liquid_empty_space_inner"></span></div>[vc_single_image image=»13391&#8243; img_size=»medium» alignment=»center» css=»»][vc_column_text css=»»]</p>
<h3></h3>
<p><span style="font-weight: 400;"><strong>IMMENSIVA 2025 – BLOCS SOCIALS XR</strong> celebra su quinta edición en Cataluña y, tras experiencias previas centradas en la experimentación multidisciplinar, refuerza ahora la unión entre inteligencia artificial, realidad extendida, e interacción/danza colaborativa con un marcado énfasis en la construcción social. Bajo esta renovada visión, el festival se orienta a la creación de prototipos XR que aborden inclusión, diversidad y sostenibilidad, afirmando su compromiso con el impacto social y la innovación cultural.<br />
</span></p>
<p><span style="font-weight: 400;">Más que un festival, IMMENSIVA 2025 es un laboratorio vivo donde artistas, desarrolladores y agentes sociales colaboran en la creación de “Bloques” narrativos: piezas inmersivas usando tecnología XR listas para recorrer museos, centros educativos y escenarios internacionales. A través de danza colectiva, música y entornos generados por IA, cada prototipo se convierte en un puente entre creatividad y transformación social.<br />
</span></p>
<p><span style="font-weight: 400;">En el núcleo del festival, la residencia artística impulsa la colaboración interdisciplinaria, integrando IA, storytelling inmersivo y software creativo para generar proyectos con impacto colectivo. Gracias al AI/XR Toolkit, los participantes desarrollan experiencias que fomentan la empatía como motor de cambio.<br />
</span></p>
<p><span style="font-weight: 400;">Con un enfoque en la modularidad y el escalamiento, BLOCS SOCIALS XR facilita la adaptación de sus producciones a distintos contextos, fortaleciendo la cultura digital catalana y profesionalizando proyectos XR de impacto social. En esta línea, se invita a instituciones locales e internacionales a adoptar estos Bloques, expandiendo el alcance de IMMENSIVA 2025 más allá de sus fronteras.<br />
</span>[/vc_column_text]<style>.ld_spacer_69f0d9fa6f604{height:50px;}</style>
<div class="ld-empty-space ld_spacer_69f0d9fa6f604"><span class="liquid_empty_space_inner"></span></div>[vc_video link=»https://www.youtube.com/watch?v=O0cuAUSAmsA» css=»»]<style>.ld_spacer_69f0d9fa6f6b0{height:30px;}</style>
<div class="ld-empty-space ld_spacer_69f0d9fa6f6b0"><span class="liquid_empty_space_inner"></span></div>[/vc_column][/vc_row][vc_row][vc_column][vc_btn title=»Ver Propuesta del Proyecto» color=»inverse» css=»» link=»url:https%3A%2F%2Fwww.immensiva.com%2Fes%2Fpropuesta-del-proyecto-immensiva-2025%2F»]<style>.ld_spacer_69f0d9fa6f753{height:32px;}</style>
<div class="ld-empty-space ld_spacer_69f0d9fa6f753"><span class="liquid_empty_space_inner"></span></div>[/vc_column][/vc_row][vc_row][vc_column][vc_btn title=»Ver la Propuesta Educativa» color=»inverse» css=»» link=»url:https%3A%2F%2Fwww.immensiva.com%2Fes%2Fprograma-educativo-immensiva-2025%2F»][/vc_column][/vc_row]</p>
</div>

<p>[vc_row][vc_column] SINOPSIS IMMENSIVA 2025 [vc_single_image image=»13391&#8243; img_size=»medium» alignment=»center» css=»»][vc_column_text css=»»] IMMENSIVA 2025 – BLOCS SOCIALS XR celebra su quinta edición en Cataluña y, tras experiencias previas centradas en la experimentación multidisciplinar, refuerza ahora la unión entre inteligencia artificial, realidad extendida, e interacción/danza colaborativa con un marcado énfasis en la construcción social. Bajo esta renovada visión, el festival se orienta a la creación de prototipos XR que aborden inclusión, diversidad y sostenibilidad, afirmando su compromiso con el impacto social y la innovación cultural. Más que un festival, IMMENSIVA 2025 es un laboratorio vivo donde artistas, desarrolladores y agentes sociales colaboran en&hellip;</p>

<!-- This site is optimized with the Yoast SEO plugin v22.5 - https://yoast.com/wordpress/plugins/seo/ -->
<title>Festival Immensiva 2025</title>
<meta name="description" content="Descubre la sexta edición del evento de cultura digital BLOCKS SOCIALS XR, que impulsa la innovación tecnológica y el impacto social." />
<meta name="robots" content="index, follow, max-snippet:-1, max-image-preview:large, max-video-preview:-1" />
<link rel="canonical" href="https://www.immensiva.com/es/festival-immensiva-2025/" />
<meta property="og:locale" content="es_ES" />
<meta property="og:type" content="article" />
<meta property="og:title" content="Festival Immensiva 2025" />
<meta property="og:description" content="Descubre la sexta edición del evento de cultura digital BLOCKS SOCIALS XR, que impulsa la innovación tecnológica y el impacto social." />
<meta property="og:url" content="https://www.immensiva.com/es/festival-immensiva-2025/" />
<meta property="og:site_name" content="IMMENSIVA" />
<meta property="article:modified_time" content="2026-01-30T13:31:24+00:00" />
<meta name="twitter:card" content="summary_large_image" />
<meta name="twitter:label1" content="Tiempo de lectura" />
	<meta name="twitter:data1" content="2 minutos" />
<script type="application/ld+json" class="yoast-schema-graph">{"@context":"https://schema.org","@graph":[{"@type":"WebPage","@id":"https://www.immensiva.com/es/festival-immensiva-2025/","url":"https://www.immensiva.com/es/festival-immensiva-2025/","name":"Festival Immensiva 2025","isPartOf":{"@id":"https://www.immensiva.com/#website"},"datePublished":"2025-02-25T08:30:40+00:00","dateModified":"2026-01-30T13:31:24+00:00","description":"Descubre la sexta edición del evento de cultura digital BLOCKS SOCIALS XR, que impulsa la innovación tecnológica y el impacto social.","breadcrumb":{"@id":"https://www.immensiva.com/es/festival-immensiva-2025/#breadcrumb"},"inLanguage":"es","potentialAction":[{"@type":"ReadAction","target":["https://www.immensiva.com/es/festival-immensiva-2025/"]}]},{"@type":"BreadcrumbList","@id":"https://www.immensiva.com/es/festival-immensiva-2025/#breadcrumb","itemListElement":[{"@type":"ListItem","position":1,"name":"Home","item":"https://www.immensiva.com/es/"},{"@type":"ListItem","position":2,"name":"FESTIVAL IMMENSIVA 2025"}]},{"@type":"WebSite","@id":"https://www.immensiva.com/#website","url":"https://www.immensiva.com/","name":"IMMENSIVA","description":"Focusing on VR, AR, XR art &amp; AI art","potentialAction":[{"@type":"SearchAction","target":{"@type":"EntryPoint","urlTemplate":"https://www.immensiva.com/?s={search_term_string}"},"query-input":"required name=search_term_string"}],"inLanguage":"es"}]}</script>
<!-- / Yoast SEO plugin. -->

Descubre la sexta edición del evento de cultura digital BLOCKS SOCIALS XR, que impulsa la innovación tecnológica y el impacto social.
